tors of h.
3, 5
Suppose o - 1 = -7. Let m be (2212/(-6))/(4/o). Suppose -5*b - 4*a = -8*a - 537, 4*a = -5*b + m. What are the prime factors of b?
109
Suppose -5*i + 0*p = 4*p - 40, -45 = -5*i - 5*p. Suppose 0 = i*z - 5*t - 13, 2*z - 7*z + 12 = -2*t. List the prime factors of (56 - -2) + -5 - (z + -1).
2, 13
Suppose 98*k - 6629291 = -502331. What are the prime factors of k?
2, 3, 5, 521
Let u = -424 + 225. Let l = -171 - u. What are the prime factors of l?
2, 7
Suppose 0 = -4*b - 2*h + 187412, -4*h + 14127 = 2*b - 79573. What are the prime factors of b?
2, 3, 19, 137
Suppose -260*p - 10752 = -248*p. Let k = 2448 + p. List the prime factors of k.
2, 97
Suppose -5*b + 5*c + 71830 = 0, 2*b + 229*c - 28741 = 228*c. What are the prime factors of b?
14369
Let g(h) = -2*h**2 - 56*h - 20. Suppose -42*d + 125 = -47*d. List the prime factors of g(d).
2, 5, 13
Suppose 3*h - 5 - 1 = 0, -5*h = 5*a + 2510. What are the prime factors of (((-39)/(-12))/1)/((-6)/a)?
3, 7, 13
Suppose 145675 = 51*r - 549294 + 17689. What are the prime factors of r?
2, 5, 83
Suppose 40 + 4 = 11*o. Suppose -o*c = -10*c - 720. List the prime factors of (111/(-9) + -1)/(16/c).
2, 5
Let y(r) = 2*r - 12. Let u be y(14). Suppose -u*c - 2595 = -21*c. What are the prime factors of c?
3, 173
Let k = 16997 + 21921. What are the prime factors of k?
2, 11, 29, 61
Suppose -h = 4*h - 4*x - 27398, -4*h + 21910 = x. Suppose 4257 = 15*g - h. List the prime factors of g.
11, 59
Suppose -o + 5728 = -v + 17461, 0 = 4*o + 24. List the prime factors of v.
3, 1303
Suppose 355*n = 350*n + 5850. Suppose -4*a + 5*x + 3324 = 0, -3*a + n = -5*x - 1318. What are the prime factors of a?
2, 11, 19
Let b(d) = -14*d + 32. Let i be b(2). Suppose -2*v = 2*v - 3*z - 407, -z + 419 = i*v. List the prime factors of v.
2, 13
Let h(o) = 5740*o + 1364. List the prime factors of h(2).
2, 13, 19
Suppose -17*i = -15*i - 802. Suppose -4*k + 406 = 3*c - 0*k, -3*c + i = -k. Let h = c + -48. List the prime factors of h.
2, 43
Let t = -756 + 508. What are the prime factors of ((-155)/t)/((-2)/(-16)) + 555?
2, 5, 7
Suppose 0 = -2*f - p + 53332, -4*p - 15864 - 10784 = -f. List the prime factors of f.
2, 3, 11, 101
Let o be (-174)/(-45) - (-2)/15. Let r be (-4156)/28 - o/7. Let v = 88 - r. What are the prime factors of v?
3, 79
Suppose 48*a - 47*a = -44. Let q = a - -79. List the prime factors of (-21 + 15)/((-1)/q*1).
2, 3, 5, 7
Suppose 54*x - 59*x = k - 62, k - 38 = -3*x. List the prime factors of (-3 - (-39)/x) + 5068/16.
317
What are the prime factors of ((-78)/(-45))/((-16)/26480)*(2 - 5)?
2, 13, 331
Let c = -2690 + 7041. What are the prime factors of c?
19, 229
Suppose -8*q = -5*u - 3*q + 120600, -4*q = -5*u + 120602. What are the prime factors of u?
2, 7, 1723
Let p = -54 - -69. Suppose 2*i - 7*g = -2*g + 185, -5*g - p = 0. Suppose -i - 150 = -5*x. What are the prime factors of x?
47
Suppose -17294 = -14*l + 23180. List the prime factors of l.
7, 59
Suppose -17259 = -4*l - 12*l + 54773. What are the prime factors of l?
2, 2251
Let k = 4291 - 2184. What are the prime factors of k?
7, 43
Let s be (-15275)/(-26) - 2/4. Suppose 5253 = 8*i - s. What are the prime factors of i?
2, 5, 73
Let f(w) be the second derivative of 296*w**3/3 - 2*w**2 - 98*w. List the prime factors of f(1).
2, 3, 7
Let k be ((-539)/2)/((-2)/(-4)). Let a be (-14)/6*192/(-64). List the prime factors of 2/a - 11/(k/7532).
2, 7, 11
Let u(m) = 16*m**2 + 4*m - 18. Let s = 243 - 237. List the prime factors of u(s).
2, 3, 97
Let v be 1 + (-31576)/(-28) - 4/(-14). Suppose k = 2*w + 319, -4*k = -4*w - v - 147. What are the prime factors of k?
11, 29
Let p(z) = -7*z**3 - 4*z**2 + 2*z - 7. Let f(g) = 15*g**3 + 8*g**2 - 5*g + 14. Let s = 59 - 50. Let j(n) = s*p(n) + 4*f(n). List the prime factors of j(-3).
2, 11
Suppose -4*o + 20 = 2*j, 4*j + 7*o - 3*o = 40. Let u(g) = -2*g + 25. Let k be u(j). Suppose -364 + 39 = -k*s. What are the prime factors of s?
5, 13
Let m be (-1 - -84) + -2 + -1. Let v be (6/10)/(4/m). Suppose -4*s + 272 = v. List the prime factors of s.
5, 13
Suppose n - 5*x = 53, 12*x - 13*x + 51 = 2*n. What are the prime factors of 4/(n/(-2345))*(1 - 3)?
2, 5, 67
Let b(c) = -c**3 + 7*c**2 + 17*c - 15. Let z be b(9). What are the prime factors of (-15)/18 - 4/z*1895?
3, 5, 7
Let v = 5826 + -1395. What are the prime factors of v?
3, 7, 211
Let c be -1*5 - (-18)/9. Let g be (1*c/(-2))/((-9)/48). Let q(d) = -d**2 - 30*d - 19. What are the prime factors of q(g)?
157
Suppose 0 = -3*x - 3, -w - 4*x - 3 = -2. Suppose 0 = 2*z + w*q - 913, 8*z - 5*q - 1771 = 4*z. What are the prime factors of z?
449
List the prime factors of ((-12)/10)/(533949/(-24270) - -22).
2, 809
List the prime factors of (6/(-4) + -2)*(-1978 + -30).
2, 7, 251
Let q(j) = 2*j**2 + 17*j - 39. Suppose -3*n + 18 = 4*c, 2*n - c - 17 = -2*c. List the prime factors of q(n).
331
Let y(f) = f + 15. Let l be y(6). Suppose -l*w + 25*w = 1672. List the prime factors of w.
2, 11, 19
Let i(y) = -51*y**2 + 31*y + 73. Let t(f) = -48*f**2 + 29*f + 72. Let m(n) = 5*i(n) - 6*t(n). What are the prime factors of m(-5)?
853
Let z = -164 - -164. Suppose 2*b + 93 = -3*o + 387, z = 3*b + o - 427. List the prime factors of b.
3, 47
Let f = -13072 - -19695. What are the prime factors of f?
37, 179
Suppose 9*k - 4*k = 6*k - 816. What are the prime factors of k?
2, 3, 17
Let y(n) = -n**2 + n + 66. Let o be y(8). Suppose 7931 + 8229 = o*g. List the prime factors of g.
2, 101
Suppose 337099 + 1568898 = 153*u - 2344037. List the prime factors of u.
2, 17, 19, 43
Suppose 23*c + 16 = 31*c. Suppose c*r + 0*r - 1101 = -3*z, 4*r = 3*z - 1083. What are the prime factors of z?
5, 73
Suppose 185 = -x - 397. What are the prime factors of (177/59)/((-2)/x)?
3, 97
Let m(i) = 15*i - 108. Let t be m(8). Let h(a) = a**2 + 1 - 10*a - 2 - 9. What are the prime factors of h(t)?
2, 7
Let q be (-6)/2 - ((-10)/2)/(-5). Let r(l) = -3*l - 8. Let a be r(q). What are the prime factors of 73*a/(-6)*-3?
2, 73
Let z be (0 - 3)/(12/(-560)). Let w(g) = -g**2 - 68*g - 385. Let o be w(-7). Let f = o + z. List the prime factors of f.
2, 7, 13
Let k(z) = z**2 + 5*z - 32. Let h be (-453)/30 + (-2)/(-20). List the prime factors of k(h).
2, 59
Let m = -13001 - -43813. List the prime factors of m.
2, 7703
Let n(u) = 724*u + 5161. What are the prime factors of n(22)?
21089
Let k(z) = 9*z**2 + 22*z + 35. Let j be k(13). List the prime factors of (12/(-5))/(1 - j/1830).
2, 3, 61
Let t = -31490 + 81625. What are the prime factors of t?
5, 37, 271
Let l(z) = -51*z - 86. Let v(h) = -2*h**3 + 6*h**2 - 3*h - 1. Let b be v(3). List the prime factors of l(b).
2, 53
Let t(c) = -2*c + 48. Let y be t(-12). What are the prime factors of (18/4)/(y/1680)?
3, 5, 7
Let r(x) = x**3 + 2*x**2 + x - 26. Let p be r(5). Let m = 194 + p. List the prime factors of m.
2, 3, 29
Suppose 4*p = 5*p. Let o be 1*1/(-1) - p/2. What are the prime factors of (-4 - o) + -41*(-12)/4?
2, 3, 5
Let x(s) = 11*s**3 + 1. Let o be x(1). Suppose -l + 4 = -4*j, -l - l - o = 2*j. List the prime factors of 13 - 4*(l + 3).
17
List the prime factors of 15389 + 88 + (-24)/(-20)*(-10)/3.
15473
Suppose 11*z - 18916 = 12291. Let s = z - 1408. What are the prime factors of s?
1429
Let n(l) = 15*l**2 + 15*l - 40. Let o be n(5). Let s = -118 + o. List the prime factors of s.
2, 73
Suppose -5*n = 3*w - w + 940, 5*w - 5*n + 2315 = 0. Let h be (32/(-20))/(2/w). Let v = h - 221. What are the prime factors of v?
151
Let v(o) = 6*o**2 + 43*o - 120. What are the prime factors of v(-21)?
3, 541
What are the prime factors of ((-12)/40)/((-36)/1050)*(-1 + 1253)?
5, 7, 313
Let c = 14853 - 14639. What are the prime factors of c?
2, 107
Suppose -5*s - 3 - 97 = -3*g, 5*g - 3*s - 188 = 0. Let u be 9027/295 - (-6)/(-10). Suppose -c = -n + u, 0 = -2*n + 5*c + 11 + g. List the prime factors of n.
3, 11
Let s = 669 + 11338. List the prime factors of s.
12007
Let n be (-7812)/(-8)*(-10)/(-15). Suppose 4*x + n - 1914 = -5*s, x + 513 = 2*s. List the prime factors of s.
3, 5, 17
Let b be 36/3*((-2)/(-6) - 0). Suppose 198 = -b*k + 7*k. Suppose i - 3*f = -0*f + 26, -3*i + k = 3*f. List the prime factors of i.
23
Let i(j) = -j**2 + 12*j - 9. Let t be 3/6 + 2/(-4). Suppose t = -3*f + f + 14. What are the prime factors of i(f)?
2, 13
Let p be -